)?
-86
Calculate (-76 - -54 - (-46 + -5)) + (3 - 2).
30
-21 + 11 + -21 + -1 + (-6 - (-9 - -10))
-39
Calculate 33 - ((-223 - -208) + -1 + 35).
14
What is the value of 12 + -3 - (-8 + 11 + -23)?
29
Evaluate -62 + (3 - ((-40 - -26) + 15)).
-60
Evaluate (108 - 48) + -15 + -76.
-31
Evaluate (120 - -37) + -169 + 7 + (2 - -2 - 2).
-3
Evaluate -12 + (14 - 4 - 9) + 18.
7
What is -33 + 2 - (506 + -551)?
14
-4 - (-22 + 5) - (-3 - (-10 - -18))
24
What is the value of -944 + 993 - (87 - -2)?
-40
What is the value of 172 + (2 - 113) + 51?
112
Evaluate -40 - (-28 + 31) - 7 - -17.
-33
Evaluate -97 - -30 - -35 - -42.
10
What is -14 + (2 - 10 - -32)?
10
(-8 - (19 - 1) - -10) + 20
4
Evaluate -57 - (-8 - 82) - 50.
-17
What is -17 - (-14 + (-11 - 14) - -19)?
3
What is -24 + 47 + (-10 - 2)?
11
Calculate -142 - -106 - (-27 - -28).
-37
What is (107 + -160 - -66) + 17 + 0?
30
Calculate 48 + (-13 + -60 - -78).
53
Calculate (-87 - -5) + 0 + -7 + 17 + (-7 - 7).
-86
What is -824 + 841 + 53 + 0 + -2 + -14?
54
What is -11 + 25 - 10 - 11 - (-1 + -8)?
2
Calculate 50 + -79 + 77 + -4.
44
Evaluate 209 + -236 - (42 + 14).
-83
(-360 + 305 - (1 + 1)) + 30
-27
(-7 - 2 - (-4 + -54)) + (-19 - -5)
35
What is the value of (65 - 87) + 0 - -118?
96
What is the value of 16 + (-8 - 19 - (2 + 0)) - (-6 - -3)?
-10
What is the value of (0 - 18) + -11 + (48 - 42) + 20?
-3
-2 - 2 - -50 - (58 + -30 - 42)
60
What is -4 - (-4 - -56) - (-2411 + 2389)?
-34
Calculate -90 + (14 - (3 + -2 + 18)).
-95
Evaluate -11 + (3 + -19 - -83).
56
What is 12 + 2 - ((-3 - 20) + (32 - 21))?
26
What is (8 + -11 - -23) + 15 + (-4 - -1)?
32
8 + -23 + (110 - 119)
-24
What is the value of (-16 - -19) + 10 + -1 + 6 - -29?
47
What is (7 - 1 - 0) + (-10 - (-121 - -109))?
8
Evaluate 15 + -1 - (14 - (-24 - -58) - -22).
12
What is the value of -20 + 1 + -360 + 370 - (-49 + 1)?
39
Calculate (3 - (21 + -12 + -29)) + -89.
-66
57 - (-559 + 532 + (-2 - -26))
60
273 - 239 - (-41 + -3 + 4)
74
Calculate 124 - (34 + -41 + 15 + 10 - 5).
111
Evaluate 0 + (-3 - -71) + (8199 - 8161).
106
What is the value of -16 + (105 - 112) + 9 + 1 + 7?
-6
What is -33 - (-9 - 43) - (-3 - 25)?
47
35 + -48 + 22 + (4 + -5 - -4) + -42
-30
Evaluate 86 + 1 + -111 - (-63 + 1).
38
Calculate -2 + 1 + 0 + 1457 + -1463 + -1 + -4.
-12
Evaluate 133 + -109 + 76 - 111.
-11
(-23 + -17 + 22 + 31 - (102 - 1)) + -3
-91
What is the value of -11 + (-10 - -19) + (-13 - -35)?
20
Calculate (-17 - (-8 - -3)) + (-69 - -84) + (65 - 2).
66
Calculate 3 + -2 + 25 - 4 - (-280 + 297).
5
((18 - 32) + 10 - 6) + 59
49
What is 92 + (-156 - (-5 + 6))?
-65
Evaluate -11 + (-17 - (0 - (0 - -11))) + -8.
-25
Evaluate -29 + -1 + (-3 - 0) + -51 + (13 - -51).
-20
What is 25 + (0 - (15 + 37))?
-27
What is -1 + 95 + -43 + 29 + 11 + -9?
82
1 + 10 + (-23 - -15) + 39 + -34 + -6
2
What is (73 - 16) + -57 + (4 - -74)?
78
What is -4 - -2 - (-51 + (16 - -5))?
28
0 + -54 - (-2652 + 2633)
-35
What is 12 - (-33 + 29 - (16 + -13))?
19
-1 - 1 - ((23 - (-26 - -66)) + 8)
7
Calculate 27 + (4 - 13) - (-7 + -65 - -5).
85
What is the value of (-1 - -4) + -15 + 2 + -1653 + 1637?
-26
Calculate -6 - (-7 + 8 - 3) - (-65 + 27).
34
What is -2 + 18 - (-109 - (-31 + 4 + 12)) - -3?
113
Calculate 2 - 2 - -4 - (92 + -33 + -40 + 23).
-38
Calculate -48 + (-31 + 106 - 25).
2
Calculate 50 + -22 + -13 + -30 + 48.
33
Evaluate 64 - (1 - (-13 - 29)).
21
What is 10 - (0 - 46) - (1 - (5 + -16))?
44
What is (1993 - 1993) + (2 - (-9 + -2)) + -2 + -108?
-97
Calculate -21 + -1 + -1602 + 1595.
-29
6 + -12 - (-5 - (-3 - -2) - 57)
55
Evaluate (17 - 113 - (-27 - (-17 + 2))) + -1.
-85
What is the value of 2 + -8 + -8 + (-4 + 4 - 12) + 15?
-11
Calculate 4 - 51 - -65 - 0.
18
Evaluate 79 + (-13 - (-75 - -179)).
-38
What is 4 + 2 - 3 - (-11 - (-17 + -3 - 7))?
-13
(25 - 3) + -5 - 146 - (-5 - 0) - -3
-121
What is -105 - (12 - (-31 - -80))?
-68
Calculate (6875 - 6809) + (-130 - 3).
-67
Calculate (23 + -3 - 19) + -14 - 7.
-20
(-42 - (-208 - -152)) + (0 - 67)
-53
-14 + 1 - (-1 - -7 - 70)
51
(1 - 0) + (-281 - -290) + -89
-79
Evaluate (8 - -2) + (-61 - ((-1 - (0 - -16)) + 35)).
-69
Evaluate 33 + (-9 - -51) + 33.
108
Calculate -137 + (9 - 1) + 26 + -14.
-117
Calculate 28 - (37 + -65 - 20).
76
Calculate 0 + 45 + (-28 - (7 - (15 - -13))).
38
Evaluate (6 - (8 + 0)) + (3 - -12 - -7 - 1).
19
0 + -152 + 81 + -18 + -36
-125
-77 - ((-3 - -33) + -85)
-22
Evaluate (0 - 2) + (49 - 27 - (-3 + 2 + 0)).
21
What is the value of (2021 - 2072) + 2 + -1 + 10?
-40
Calculate -47 - (-5 - -42) - 47 - -15.
-116
183 + -177 + (-3 - -2) - 20 - -68
53
What is 93 - 1 - (1751 + -1663)?
4
Evaluate -28 + 5 + (0 - 7) + -5 + 10.
-25
What is the value of (0 - 104) + (97 - 104)?
-111
Calculate 76 + 61 + -251 + 19.
-95
What is the value of (-61 - -115) + -12 + -40?
2
Calculate 17 + (-15 - -12) + (-14 - 7).
-7
Evaluate -5 + -10 + 9 + 86 + (242 - 226).
96
Evaluate 7 + -6 - -9 - (64 - -2).
-56
What is -2 + 7 + 136 + -170?
-29
What is the value of (-1 - -12 - -2) + (-48 - (45 + -103))?
23
What is (-6 - (7 + -2 - (-7 + 7 + 5))) + -10?
-16
Calculate (4 - (-32 - 9)) + -12.
33
Calculate (3 - 1 - 16) + (31 - 23) + 1.
-5
104 + -123 - (32 + -11)
-40
Calculate 27 + (-26 - (-32 - 0) - (7 + -1)).
27
What is 56 - (168 + -18) - -179?
85
Evaluate -65 + (-2 - (-6 + 16 + -18)) + -3.
-62
1 + 16 + -22 + 2 + (22 - (12 - -5))
2
What is 8 + -1 + 1 + 53 + -58 + -44 + 49?
8
-5 + 0 + -5 - (-54 + 22 - -30)
-8
Calculate 38 + -25 + -57 - 13.
-57
Calculate 8 - (1 + (-1 - 9) + (2229 - 2224)).
12
What is the value of (-11 + (7 - -14) - -4) + -2 + (-9 - 29)?
-26
Calculate 43 + (-58 + 89 - 24).
50
Calculate 31 + (19 - 37) - (71 - (-4 - 8)).
-70
Evaluate (-12 - 0) + 20 + (-87 - (14 - 26)) + 5.
-62
-26 - (10 + 734 + -742 + -1 + (-4 - 1))
-22
What is -10 - (-53 - (1 + -2) - (-53 + 48))?
37
Calculate 10 - ((-11 - (-29 + 9)) + 2) - -39.
38
Evaluate (40 + -49 - -19) + -13 + -75.
-78
Evaluate -3 + 3 + 10 + -103 + (48 - -10).
-35
What is 116 + -1 + (10 - (-38 + 24) - 50) + 24?
113
What is (3 + 2 - 4 - 3) + (-48 - -22) + -1?
-29
What is -64 + 2 - (70 + -53 + (13 - 8 - 18))?
-66
(-5 + 5 + -6 - 4) + (-3 + -22 - 27)
-62
What is 112 - 23 - (112 + -57)?
34
Evaluate (-17 - -3) + 8 - (98 - 15).
-89
What is the value of -69 - ((-13 - -4) + -12 + (3 - -1))?
-52
Evaluate -65 + (79 - 42 - -64).
36
Calculate -98 - (-8 - 15 - (-114 - -80)).
-109
Calculate 15 + -5 + (31 - 37) + (-2 - -49 - 0).
51
-345 + 362 - (2 - (1 + -11))
5
What is (1 + 4 - 3) + (96 - (81 + -18))?
35
161 + (59 - 16) + -108
96
Evaluate (0 + -66 - -3) + (-5 - (-11 - 5)).
-52
-1 + -31 + (72 - -4) - (3 - 3)
44
Calculate (-1 - 1) + (22 - (46 + (15 - -20))).
-61
What is the value of -6 - (-120 - -271) - -64?
-93
What is the value of 71 + -74 + 76 - 25?
48
Calculate (46 - -17) + -42 + -66.
-45
Evaluate (-7 - -3 - 1 - -3) + 5 + 91 + -50.
44
What is the value of -14 + 21 + (-38 - (-26 - -10))?
-15
What is -3981 - -4008 - (-1 - (-1 + 2))?
29
What is (27 + -31 + 39 - -6) + (-4 - 0)?
37
What is -15 + (2 - (11 + (-7 - 4)) - 4 - 9)?
-26
What is the value of (575 - 568) + (-60 - 1)?
-54
Calculate -3 + -75 - (-727 + 581).
68
What is the value of 28 - (-6 + -2) - (487 - 382)?
-69
Evaluate 1 + -18 + 659 + -626 + -22.
-6
2 - -24 - (204 - 194)
16
What is (-99 - -59) + (0 - (3 - 8)) + -4?
-39
What is (58 - -18 - (-1 + 4)) + (979 - 990)?
62
Evaluate -361 + 297 + (66 - 8).
-6
-71 + 78 - (-12 + 0 - 0) - -10
29
What is -63 + (-27 - (80 - 213))?
43
What is -219 - (182 - 48 - 292)?
-61
Calculate (-3 - 43) + (38 - 14) + 125 - -21.
124
Evaluate 2 + 44 + -17 - (281 - 161).
-91
(6 - ((77 - 19) + 1 + -4 + 9)) + -6
-64
Calculate (1 + -3 + 12 + (5 - -2) - 7) + 5.
15
What is the value of 1 + 14 + -5 + -3 + 0 + (-2 - 77)?
-72
(-4 - 1) + 4 + 13 + -16 - (-75 - -98)
-27
Calculate (-30 + 19 - (0 + -19)) + 12 + -122.
-102
What is 71 + -51 + -35 + -86 + -1?
-102
What is -108 - ((-6 - -7) + (26 - 9) + 1 + -19)?
-108
What is the value of (18 - 3 - 23) + 34?
26
What is the value of 23 + -99 + (-27 - -54)?
-49
What is (80 - -14) + 81 + -176?
-1
(-16 - 60) + 63 + (-3 - (-4 - 1))
-11
66 + (1 - 19 - (-3 + -1)) - (-3 + 0)
55
(-12 - 19) + 40 + (5 - (-3 - 53 - -5))
65
Evaluate (0 - -8) + (29 - (15 - (-25 + -1))) - 11.
-15
Calculate -11 + 7 - (-9 + (-5 - 9)) - 128.
-109
Evaluate -20 - (-20 + (4 + -73 - -9)).
60
What is the value o